[INFO] fetching crate wild-doc-server 0.3.3...
[INFO] checking wild-doc-server-0.3.3 against master#e6e4f7ed1589e03bc2f6c5931c1a72e7947e8682 for beta-170-4
[INFO] extracting crate wild-doc-server 0.3.3 into /workspace/builds/worker-5-tc2/source
[INFO] validating manifest of crates.io crate wild-doc-server 0.3.3 on toolchain e6e4f7ed1589e03bc2f6c5931c1a72e7947e8682
[INFO] running `Command { std: CARGO_HOME="/workspace/cargo-home" RUSTUP_HOME="/workspace/rustup-home" "/workspace/cargo-home/bin/cargo" "+e6e4f7ed1589e03bc2f6c5931c1a72e7947e8682" "metadata" "--manifest-path" "Cargo.toml" "--no-deps", kill_on_drop: false }`
[INFO] started tweaking crates.io crate wild-doc-server 0.3.3
[INFO] finished tweaking crates.io crate wild-doc-server 0.3.3
[INFO] tweaked toml for crates.io crate wild-doc-server 0.3.3 written to /workspace/builds/worker-5-tc2/source/Cargo.toml
[INFO] crate crates.io crate wild-doc-server 0.3.3 already has a lockfile, it will not be regenerated
[INFO] running `Command { std: CARGO_HOME="/workspace/cargo-home" RUSTUP_HOME="/workspace/rustup-home" "/workspace/cargo-home/bin/cargo" "+e6e4f7ed1589e03bc2f6c5931c1a72e7947e8682" "fetch" "--manifest-path" "Cargo.toml", kill_on_drop: false }`
[INFO] running `Command { std: "docker" "create" "-v" "/var/lib/crater-agent-workspace/builds/worker-5-tc2/target:/opt/rustwide/target:rw,Z" "-v" "/var/lib/crater-agent-workspace/builds/worker-5-tc2/source:/opt/rustwide/workdir:ro,Z" "-v" "/var/lib/crater-agent-workspace/cargo-home:/opt/rustwide/cargo-home:ro,Z" "-v" "/var/lib/crater-agent-workspace/rustup-home:/opt/rustwide/rustup-home:ro,Z" "-e" "SOURCE_DIR=/opt/rustwide/workdir" "-e" "CARGO_TARGET_DIR=/opt/rustwide/target" "-e" "CARGO_HOME=/opt/rustwide/cargo-home" "-e" "RUSTUP_HOME=/opt/rustwide/rustup-home" "-w" "/opt/rustwide/workdir" "-m" "1610612736" "--user" "0:0" "--network" "none" "ghcr.io/rust-lang/crates-build-env/linux@sha256:19e73879b68f455e41552ea35293514db52ea292d993f571636dbffedb77a1ee" "/opt/rustwide/cargo-home/bin/cargo" "+e6e4f7ed1589e03bc2f6c5931c1a72e7947e8682" "metadata" "--no-deps" "--format-version=1", kill_on_drop: false }`
[INFO] [stdout] 96cf8a8e13e756321dc6fbaba218081260be607de774510e13e41b81bb5ea1b0
[INFO] running `Command { std: "docker" "start" "-a" "96cf8a8e13e756321dc6fbaba218081260be607de774510e13e41b81bb5ea1b0", kill_on_drop: false }`
[INFO] running `Command { std: "docker" "inspect" "96cf8a8e13e756321dc6fbaba218081260be607de774510e13e41b81bb5ea1b0", kill_on_drop: false }`
[INFO] running `Command { std: "docker" "rm" "-f" "96cf8a8e13e756321dc6fbaba218081260be607de774510e13e41b81bb5ea1b0", kill_on_drop: false }`
[INFO] [stdout] 96cf8a8e13e756321dc6fbaba218081260be607de774510e13e41b81bb5ea1b0
[INFO] running `Command { std: "docker" "create" "-v" "/var/lib/crater-agent-workspace/builds/worker-5-tc2/target:/opt/rustwide/target:rw,Z" "-v" "/var/lib/crater-agent-workspace/builds/worker-5-tc2/source:/opt/rustwide/workdir:ro,Z" "-v" "/var/lib/crater-agent-workspace/cargo-home:/opt/rustwide/cargo-home:ro,Z" "-v" "/var/lib/crater-agent-workspace/rustup-home:/opt/rustwide/rustup-home:ro,Z" "-e" "SOURCE_DIR=/opt/rustwide/workdir" "-e" "CARGO_TARGET_DIR=/opt/rustwide/target" "-e" "CARGO_INCREMENTAL=0" "-e" "RUST_BACKTRACE=full" "-e" "RUSTFLAGS=--cap-lints=forbid" "-e" "RUSTDOCFLAGS=--cap-lints=forbid" "-e" "CARGO_HOME=/opt/rustwide/cargo-home" "-e" "RUSTUP_HOME=/opt/rustwide/rustup-home" "-w" "/opt/rustwide/workdir" "-m" "1610612736" "--user" "0:0" "--network" "none" "ghcr.io/rust-lang/crates-build-env/linux@sha256:19e73879b68f455e41552ea35293514db52ea292d993f571636dbffedb77a1ee" "/opt/rustwide/cargo-home/bin/cargo" "+e6e4f7ed1589e03bc2f6c5931c1a72e7947e8682" "check" "--frozen" "--all" "--all-targets" "--message-format=json", kill_on_drop: false }`
[INFO] [stdout] 81d3604168dc3bc0b8d9b10889297ab052f1e33a644cb3ceefdb10e2212e03e9
[INFO] running `Command { std: "docker" "start" "-a" "81d3604168dc3bc0b8d9b10889297ab052f1e33a644cb3ceefdb10e2212e03e9", kill_on_drop: false }`
[INFO] [stderr]    Compiling proc-macro2 v1.0.59
[INFO] [stderr]    Compiling libc v0.2.144
[INFO] [stderr]    Compiling serde v1.0.163
[INFO] [stderr]    Compiling typenum v1.16.0
[INFO] [stderr]    Compiling syn v1.0.109
[INFO] [stderr]    Compiling libm v0.2.7
[INFO] [stderr]    Compiling once_cell v1.17.1
[INFO] [stderr]    Compiling generic-array v0.14.7
[INFO] [stderr]    Compiling num-traits v0.2.15
[INFO] [stderr]    Compiling indexmap v1.9.3
[INFO] [stderr]    Compiling num-integer v0.1.45
[INFO] [stderr]    Compiling log v0.4.17
[INFO] [stderr]    Compiling memchr v2.5.0
[INFO] [stderr]    Compiling regex-syntax v0.7.2
[INFO] [stderr]    Compiling num-bigint v0.4.3
[INFO] [stderr]    Compiling serde_json v1.0.96
[INFO] [stderr]    Compiling tokio v1.28.1
[INFO] [stderr]    Compiling ppv-lite86 v0.2.17
[INFO] [stderr]    Compiling futures-task v0.3.28
[INFO] [stderr]    Compiling futures-channel v0.3.28
[INFO] [stderr]    Compiling hashbrown v0.12.3
[INFO] [stderr]    Compiling thiserror v1.0.40
[INFO] [stderr]    Compiling futures-util v0.3.28
[INFO] [stderr]    Compiling spin v0.5.2
[INFO] [stderr]    Compiling aho-corasick v1.0.1
[INFO] [stderr]    Compiling smallvec v1.10.0
[INFO] [stderr]    Compiling anyhow v1.0.71
[INFO] [stderr]    Compiling pin-project-lite v0.2.9
[INFO] [stderr]    Compiling scopeguard v1.1.0
[INFO] [stderr]    Compiling subtle v2.5.0
[INFO] [stderr]    Compiling lock_api v0.4.9
[INFO] [stderr]    Compiling itoa v1.0.6
[INFO] [stderr]    Compiling lazy_static v1.4.0
[INFO] [stderr]    Compiling tinyvec_macros v0.1.1
[INFO] [stderr]    Compiling const-oid v0.9.2
[INFO] [stderr]    Compiling percent-encoding v2.2.0
[INFO] [stderr]    Compiling tinyvec v1.6.0
[INFO] [stderr]    Compiling quote v1.0.28
[INFO] [stderr]    Compiling convert_case v0.4.0
[INFO] [stderr]    Compiling syn v2.0.18
[INFO] [stderr]    Compiling unicode-bidi v0.3.13
[INFO] [stderr]    Compiling form_urlencoded v1.1.0
[INFO] [stderr]    Compiling toml_datetime v0.6.2
[INFO] [stderr]    Compiling winnow v0.4.6
[INFO] [stderr]    Compiling siphasher v0.3.10
[INFO] [stderr]    Compiling bytes v1.4.0
[INFO] [stderr]    Compiling phf_shared v0.10.0
[INFO] [stderr]     Checking getrandom v0.2.9
[INFO] [stderr]     Checking parking_lot_core v0.9.7
[INFO] [stderr]     Checking num_cpus v1.15.0
[INFO] [stderr]    Compiling ryu v1.0.13
[INFO] [stderr]     Checking rand_core v0.6.4
[INFO] [stderr]    Compiling regex v1.8.3
[INFO] [stderr]     Checking parking_lot v0.12.1
[INFO] [stderr]     Checking rand_chacha v0.3.1
[INFO] [stderr]    Compiling which v4.4.0
[INFO] [stderr]    Compiling fslock v0.1.8
[INFO] [stderr]    Compiling unicode-normalization v0.1.22
[INFO] [stderr]     Checking rand v0.8.5
[INFO] [stderr]    Compiling futures-core v0.3.28
[INFO] [stderr]    Compiling v8 v0.72.0
[INFO] [stderr]    Compiling data-encoding v2.4.0
[INFO] [stderr]    Compiling signal-hook-registry v1.4.1
[INFO] [stderr]    Compiling mio v0.8.6
[INFO] [stderr]    Compiling socket2 v0.4.9
[INFO] [stderr]    Compiling idna v0.3.0
[INFO] [stderr]    Compiling ring v0.16.20
[INFO] [stderr]    Compiling if_chain v1.0.2
[INFO] [stderr]    Compiling unicode-id v0.3.3
[INFO] [stderr]    Compiling futures-sink v0.3.28
[INFO] [stderr]    Compiling slab v0.4.8
[INFO] [stderr]    Compiling futures-io v0.3.28
[INFO] [stderr]    Compiling phf_generator v0.10.0
[INFO] [stderr]    Compiling pin-utils v0.1.0
[INFO] [stderr]    Compiling string_cache_codegen v0.5.2
[INFO] [stderr]    Compiling Inflector v0.11.4
[INFO] [stderr]    Compiling async-trait v0.1.68
[INFO] [stderr]    Compiling ahash v0.7.6
[INFO] [stderr]    Compiling tracing-core v0.1.31
[INFO] [stderr]    Compiling base64ct v1.6.0
[INFO] [stderr]    Compiling cpufeatures v0.2.7
[INFO] [stderr]    Compiling psm v0.1.21
[INFO] [stderr]    Compiling rustls v0.21.1
[INFO] [stderr]     Checking either v1.8.1
[INFO] [stderr]    Compiling smartstring v1.0.1
[INFO] [stderr]    Compiling stacker v0.1.15
[INFO] [stderr]    Compiling proc-macro-hack v0.5.20+deprecated
[INFO] [stderr]    Compiling precomputed-hash v0.1.1
[INFO] [stderr]    Compiling new_debug_unreachable v1.0.4
[INFO] [stderr]    Compiling static_assertions v1.1.0
[INFO] [stderr]    Compiling swc_atoms v0.5.3
[INFO] [stderr]    Compiling stable_deref_trait v1.2.0
[INFO] [stderr]    Compiling untrusted v0.7.1
[INFO] [stderr]    Compiling ahash v0.8.3
[INFO] [stderr]    Compiling scoped-tls v1.0.1
[INFO] [stderr]    Compiling encoding_rs v0.8.31
[INFO] [stderr]    Compiling better_scoped_tls v0.1.0
[INFO] [stderr]    Compiling lexical-util v0.8.5
[INFO] [stderr]    Compiling unicode-width v0.1.10
[INFO] [stderr]    Compiling fnv v1.0.7
[INFO] [stderr]    Compiling num-iter v0.1.43
[INFO] [stderr]    Compiling http v0.2.9
[INFO] [stderr]    Compiling time-core v0.1.1
[INFO] [stderr]    Compiling windows_x86_64_gnu v0.48.0
[INFO] [stderr]    Compiling pem-rfc7468 v0.7.0
[INFO] [stderr]    Compiling pem-rfc7468 v0.6.0
[INFO] [stderr]    Compiling bitflags v2.3.1
[INFO] [stderr]    Compiling time-macros v0.2.9
[INFO] [stderr]     Checking rustc-hash v1.1.0
[INFO] [stderr]    Compiling platforms v3.0.2
[INFO] [stderr]    Compiling vcpkg v0.2.15
[INFO] [stderr]    Compiling semver-parser v0.7.0
[INFO] [stderr]    Compiling lexical-parse-integer v0.8.6
[INFO] [stderr]    Compiling lexical-write-integer v0.8.5
[INFO] [stderr]    Compiling memoffset v0.6.5
[INFO] [stderr]    Compiling num-bigint-dig v0.8.2
[INFO] [stderr]    Compiling semver v0.9.0
[INFO] [stderr]    Compiling heck v0.4.1
[INFO] [stderr]    Compiling byteorder v1.4.3
[INFO] [stderr]    Compiling adler v1.0.2
[INFO] [stderr]    Compiling lexical-write-float v0.8.5
[INFO] [stderr]    Compiling rustc_version v0.2.3
[INFO] [stderr]    Compiling miniz_oxide v0.5.4
[INFO] [stderr]    Compiling lexical-parse-float v0.8.5
[INFO] [stderr]    Compiling crc32fast v1.3.2
[INFO] [stderr]    Compiling try-lock v0.2.4
[INFO] [stderr]    Compiling base64 v0.21.2
[INFO] [stderr]    Compiling fs3 v0.5.0
[INFO] [stderr]    Compiling want v0.3.0
[INFO] [stderr]    Compiling pmutil v0.5.3
[INFO] [stderr]    Compiling libsqlite3-sys v0.25.2
[INFO] [stderr]    Compiling synstructure v0.12.6
[INFO] [stderr]    Compiling flate2 v1.0.24
[INFO] [stderr]    Compiling curve25519-dalek v4.0.0-rc.2
[INFO] [stderr]    Compiling swc_macros_common v0.3.7
[INFO] [stderr]    Compiling lexical-core v0.8.5
[INFO] [stderr]    Compiling httparse v1.8.0
[INFO] [stderr]    Compiling httpdate v1.0.2
[INFO] [stderr]    Compiling proc-macro2 v0.4.30
[INFO] [stderr]    Compiling alloc-no-stdlib v2.0.4
[INFO] [stderr]    Compiling winapi-build v0.1.1
[INFO] [stderr]    Compiling getrandom v0.1.16
[INFO] [stderr]    Compiling alloc-stdlib v0.2.2
[INFO] [stderr]    Compiling lexical v6.1.1
[INFO] [stderr]    Compiling kernel32-sys v0.2.2
[INFO] [stderr]    Compiling rustls-pemfile v1.0.2
[INFO] [stderr]    Compiling http-body v0.4.5
[INFO] [stderr]     Checking sct v0.7.0
[INFO] [stderr]    Compiling rustls-webpki v0.100.1
[INFO] [stderr]    Compiling webpki v0.22.0
[INFO] [stderr]    Compiling ff v0.13.0
[INFO] [stderr]    Compiling tower-service v0.3.2
[INFO] [stderr]    Compiling typed-arena v2.0.2
[INFO] [stderr]    Compiling base16ct v0.2.0
[INFO] [stderr]    Compiling unicode-xid v0.1.0
[INFO] [stderr]    Compiling ipnet v2.7.2
[INFO] [stderr]    Compiling group v0.13.0
[INFO] [stderr]    Compiling webpki-roots v0.22.6
[INFO] [stderr]    Compiling brotli-decompressor v2.3.4
[INFO] [stderr]    Compiling libffi-sys v2.3.0
[INFO] [stderr]    Compiling secp256k1-sys v0.8.1
[INFO] [stderr]    Compiling oid-registry v0.6.1
[INFO] [stderr]     Checking winapi v0.2.8
[INFO] [stderr]    Compiling openssl-probe v0.1.5
[INFO] [stderr]    Compiling syn v0.15.44
[INFO] [stderr]    Compiling fastwebsockets v0.3.1
[INFO] [stderr]    Compiling rustls-native-certs v0.6.2
[INFO] [stderr]    Compiling nom v7.1.3
[INFO] [stderr]    Compiling quote v0.6.13
[INFO] [stderr]    Compiling proc-macro-error-attr v1.0.4
[INFO] [stderr]    Compiling libz-sys v1.1.9
[INFO] [stderr]    Compiling ff v0.12.1
[INFO] [stderr]     Checking errno v0.2.8
[INFO] [stderr]    Compiling match_cfg v0.1.0
[INFO] [stderr]    Compiling base16ct v0.1.1
[INFO] [stderr]    Compiling base64 v0.13.1
[INFO] [stderr]    Compiling brotli v3.3.4
[INFO] [stderr]    Compiling matches v0.1.10
[INFO] [stderr]    Compiling idna v0.2.3
[INFO] [stderr]    Compiling proc-macro-error v1.0.4
[INFO] [stderr]     Checking sysconf v0.3.4
[INFO] [stderr] error: could not compile `syn` (lib)
[INFO] [stderr] 
[INFO] [stderr] Caused by:
[INFO] [stderr]   process didn't exit successfully: `/opt/rustwide/rustup-home/toolchains/e6e4f7ed1589e03bc2f6c5931c1a72e7947e8682/bin/rustc --crate-name syn --edition=2018 /opt/rustwide/cargo-home/registry/src/index.crates.io-6f17d22bba15001f/syn-1.0.109/src/lib.rs --error-format=json --json=diagnostic-rendered-ansi,artifacts,future-incompat --crate-type lib --emit=dep-info,metadata,link -C embed-bitcode=no -C debuginfo=0 --cfg 'feature="clone-impls"' --cfg 'feature="default"' --cfg 'feature="derive"' --cfg 'feature="extra-traits"' --cfg 'feature="fold"' --cfg 'feature="full"' --cfg 'feature="parsing"' --cfg 'feature="printing"' --cfg 'feature="proc-macro"' --cfg 'feature="quote"' --cfg 'feature="visit"' --cfg 'feature="visit-mut"' -C metadata=55dac8a016711fdb -C extra-filename=-55dac8a016711fdb --out-dir /opt/rustwide/target/debug/deps -L dependency=/opt/rustwide/target/debug/deps --extern proc_macro2=/opt/rustwide/target/debug/deps/libproc_macro2-d57cdb98b74750f8.rmeta --extern quote=/opt/rustwide/target/debug/deps/libquote-927a8b75ec839e7a.rmeta --extern unicode_ident=/opt/rustwide/target/debug/deps/libunicode_ident-ecc46bbf51c6dd3e.rmeta --cap-lints allow --cap-lints=forbid` (signal: 9, SIGKILL: kill)
[INFO] [stderr] warning: build failed, waiting for other jobs to finish...
[INFO] [stderr] error: failed to run custom build command for `v8 v0.72.0`
[INFO] [stderr] note: To improve backtraces for build dependencies, set the CARGO_PROFILE_DEV_BUILD_OVERRIDE_DEBUG=true environment variable to enable debug information generation.
[INFO] [stderr] 
[INFO] [stderr] Caused by:
[INFO] [stderr]   process didn't exit successfully: `/opt/rustwide/target/debug/build/v8-20c1d1abdd238c97/build-script-build` (exit status: 101)
[INFO] [stderr]   --- stdout
[INFO] [stderr]   cargo:rerun-if-changed=.gn
[INFO] [stderr]   cargo:rerun-if-changed=BUILD.gn
[INFO] [stderr]   cargo:rerun-if-changed=src/binding.cc
[INFO] [stderr]   cargo:rerun-if-env-changed=CCACHE
[INFO] [stderr]   cargo:rerun-if-env-changed=CLANG_BASE_PATH
[INFO] [stderr]   cargo:rerun-if-env-changed=DENO_TRYBUILD
[INFO] [stderr]   cargo:rerun-if-env-changed=DOCS_RS
[INFO] [stderr]   cargo:rerun-if-env-changed=GN
[INFO] [stderr]   cargo:rerun-if-env-changed=GN_ARGS
[INFO] [stderr]   cargo:rerun-if-env-changed=HOST
[INFO] [stderr]   cargo:rerun-if-env-changed=NINJA
[INFO] [stderr]   cargo:rerun-if-env-changed=OUT_DIR
[INFO] [stderr]   cargo:rerun-if-env-changed=RUSTY_V8_ARCHIVE
[INFO] [stderr]   cargo:rerun-if-env-changed=RUSTY_V8_MIRROR
[INFO] [stderr]   cargo:rerun-if-env-changed=SCCACHE
[INFO] [stderr]   cargo:rerun-if-env-changed=V8_FORCE_DEBUG
[INFO] [stderr]   cargo:rerun-if-env-changed=V8_FROM_SOURCE
[INFO] [stderr]   cargo:rerun-if-env-changed=PYTHON
[INFO] [stderr]   cargo:rerun-if-env-changed=DISABLE_CLANG
[INFO] [stderr]   cargo:rerun-if-env-changed=EXTRA_GN_ARGS
[INFO] [stderr]   cargo:rerun-if-env-changed=NO_PRINT_GN_ARGS
[INFO] [stderr]   cargo:rustc-link-lib=static=rusty_v8
[INFO] [stderr]   download lockfile: "/opt/rustwide/target/debug/build/lib_download.fslock"
[INFO] [stderr]   static lib URL: https://github.com/denoland/rusty_v8/releases/download/v0.72.0/librusty_v8_release_x86_64-unknown-linux-gnu.a
[INFO] [stderr]   cargo:rustc-link-search=/opt/rustwide/target/debug/gn_out/obj
[INFO] [stderr]   Downloading https://github.com/denoland/rusty_v8/releases/download/v0.72.0/librusty_v8_release_x86_64-unknown-linux-gnu.a
[INFO] [stderr]   Downloading https://github.com/denoland/rusty_v8/releases/download/v0.72.0/librusty_v8_release_x86_64-unknown-linux-gnu.a...
[INFO] [stderr]   <urlopen error [Errno -3] Temporary failure in name resolution>
[INFO] [stderr]   Retrying in 5 s ...
[INFO] [stderr]   Downloading https://github.com/denoland/rusty_v8/releases/download/v0.72.0/librusty_v8_release_x86_64-unknown-linux-gnu.a...
[INFO] [stderr]   <urlopen error [Errno -3] Temporary failure in name resolution>
[INFO] [stderr]   Retrying in 10 s ...
[INFO] [stderr]   Downloading https://github.com/denoland/rusty_v8/releases/download/v0.72.0/librusty_v8_release_x86_64-unknown-linux-gnu.a...
[INFO] [stderr]   <urlopen error [Errno -3] Temporary failure in name resolution>
[INFO] [stderr]   Retrying in 20 s ...
[INFO] [stderr]   Downloading https://github.com/denoland/rusty_v8/releases/download/v0.72.0/librusty_v8_release_x86_64-unknown-linux-gnu.a...
[INFO] [stderr]   <urlopen error [Errno -3] Temporary failure in name resolution>
[INFO] [stderr]   Python downloader failed, trying with curl.
[INFO] [stderr] 
[INFO] [stderr]   --- stderr
[INFO] [stderr]   Traceback (most recent call last):
[INFO] [stderr]     File "/usr/lib/python3.10/urllib/request.py", line 1348, in do_open
[INFO] [stderr]       h.request(req.get_method(), req.selector, req.data, headers,
[INFO] [stderr]     File "/usr/lib/python3.10/http/client.py", line 1282, in request
[INFO] [stderr]       self._send_request(method, url, body, headers, encode_chunked)
[INFO] [stderr]     File "/usr/lib/python3.10/http/client.py", line 1328, in _send_request
[INFO] [stderr]       self.endheaders(body, encode_chunked=encode_chunked)
[INFO] [stderr]     File "/usr/lib/python3.10/http/client.py", line 1277, in endheaders
[INFO] [stderr]       self._send_output(message_body, encode_chunked=encode_chunked)
[INFO] [stderr]     File "/usr/lib/python3.10/http/client.py", line 1037, in _send_output
[INFO] [stderr]       self.send(msg)
[INFO] [stderr]     File "/usr/lib/python3.10/http/client.py", line 975, in send
[INFO] [stderr]       self.connect()
[INFO] [stderr]     File "/usr/lib/python3.10/http/client.py", line 1447, in connect
[INFO] [stderr]       super().connect()
[INFO] [stderr]     File "/usr/lib/python3.10/http/client.py", line 941, in connect
[INFO] [stderr]       self.sock = self._create_connection(
[INFO] [stderr]     File "/usr/lib/python3.10/socket.py", line 824, in create_connection
[INFO] [stderr]       for res in getaddrinfo(host, port, 0, SOCK_STREAM):
[INFO] [stderr]     File "/usr/lib/python3.10/socket.py", line 955, in getaddrinfo
[INFO] [stderr]       for res in _socket.getaddrinfo(host, port, family, type, proto, flags):
[INFO] [stderr]   socket.gaierror: [Errno -3] Temporary failure in name resolution
[INFO] [stderr] 
[INFO] [stderr]   During handling of the above exception, another exception occurred:
[INFO] [stderr] 
[INFO] [stderr]   Traceback (most recent call last):
[INFO] [stderr]     File "/opt/rustwide/cargo-home/registry/src/index.crates.io-6f17d22bba15001f/v8-0.72.0/./tools/download_file.py", line 64, in <module>
[INFO] [stderr]       sys.exit(main())
[INFO] [stderr]     File "/opt/rustwide/cargo-home/registry/src/index.crates.io-6f17d22bba15001f/v8-0.72.0/./tools/download_file.py", line 59, in main
[INFO] [stderr]       DownloadUrl(args.url, f)
[INFO] [stderr]     File "/opt/rustwide/cargo-home/registry/src/index.crates.io-6f17d22bba15001f/v8-0.72.0/./tools/download_file.py", line 45, in DownloadUrl
[INFO] [stderr]       raise e
[INFO] [stderr]     File "/opt/rustwide/cargo-home/registry/src/index.crates.io-6f17d22bba15001f/v8-0.72.0/./tools/download_file.py", line 29, in DownloadUrl
[INFO] [stderr]       response = urlopen(url)
[INFO] [stderr]     File "/usr/lib/python3.10/urllib/request.py", line 216, in urlopen
[INFO] [stderr]       return opener.open(url, data, timeout)
[INFO] [stderr]     File "/usr/lib/python3.10/urllib/request.py", line 519, in open
[INFO] [stderr]       response = self._open(req, data)
[INFO] [stderr]     File "/usr/lib/python3.10/urllib/request.py", line 536, in _open
[INFO] [stderr]       result = self._call_chain(self.handle_open, protocol, protocol +
[INFO] [stderr]     File "/usr/lib/python3.10/urllib/request.py", line 496, in _call_chain
[INFO] [stderr]       result = func(*args)
[INFO] [stderr]     File "/usr/lib/python3.10/urllib/request.py", line 1391, in https_open
[INFO] [stderr]       return self.do_open(http.client.HTTPSConnection, req,
[INFO] [stderr]     File "/usr/lib/python3.10/urllib/request.py", line 1351, in do_open
[INFO] [stderr]       raise URLError(err)
[INFO] [stderr]   urllib.error.URLError: <urlopen error [Errno -3] Temporary failure in name resolution>
[INFO] [stderr]   thread 'main' panicked at 'assertion failed: status.success()', /opt/rustwide/cargo-home/registry/src/index.crates.io-6f17d22bba15001f/v8-0.72.0/build.rs:431:3
[INFO] [stderr]   stack backtrace:
[INFO] [stderr]      0:     0x55d28d91af81 - std::backtrace_rs::backtrace::libunwind::trace::ha9d9de1bf4176bfa
[INFO] [stderr]                                  at /rustc/e6e4f7ed1589e03bc2f6c5931c1a72e7947e8682/library/std/src/../../backtrace/src/backtrace/libunwind.rs:93:5
[INFO] [stderr]      1:     0x55d28d91af81 - std::backtrace_rs::backtrace::trace_unsynchronized::h165c36ef694ada1c
[INFO] [stderr]                                  at /rustc/e6e4f7ed1589e03bc2f6c5931c1a72e7947e8682/library/std/src/../../backtrace/src/backtrace/mod.rs:66:5
[INFO] [stderr]      2:     0x55d28d91af81 - std::sys_common::backtrace::_print_fmt::h4d89c7ce1e89b43d
[INFO] [stderr]                                  at /rustc/e6e4f7ed1589e03bc2f6c5931c1a72e7947e8682/library/std/src/sys_common/backtrace.rs:65:5
[INFO] [stderr]      3:     0x55d28d91af81 - <std::sys_common::backtrace::_print::DisplayBacktrace as core::fmt::Display>::fmt::hfc68e8a2f3b7b37c
[INFO] [stderr]                                  at /rustc/e6e4f7ed1589e03bc2f6c5931c1a72e7947e8682/library/std/src/sys_common/backtrace.rs:44:22
[INFO] [stderr]      4:     0x55d28d93b8af - core::fmt::rt::Argument::fmt::hc7dd5538f3de21b7
[INFO] [stderr]                                  at /rustc/e6e4f7ed1589e03bc2f6c5931c1a72e7947e8682/library/core/src/fmt/rt.rs:138:9
[INFO] [stderr]      5:     0x55d28d93b8af - core::fmt::write::hac9705ca9b43c249
[INFO] [stderr]                                  at /rustc/e6e4f7ed1589e03bc2f6c5931c1a72e7947e8682/library/core/src/fmt/mod.rs:1094:21
[INFO] [stderr]      6:     0x55d28d9184a1 - std::io::Write::write_fmt::h7bc9466b47d6774b
[INFO] [stderr]                                  at /rustc/e6e4f7ed1589e03bc2f6c5931c1a72e7947e8682/library/std/src/io/mod.rs:1713:15
[INFO] [stderr]      7:     0x55d28d91ad95 - std::sys_common::backtrace::_print::h03072469d8150f3e
[INFO] [stderr]                                  at /rustc/e6e4f7ed1589e03bc2f6c5931c1a72e7947e8682/library/std/src/sys_common/backtrace.rs:47:5
[INFO] [stderr]      8:     0x55d28d91ad95 - std::sys_common::backtrace::print::hd0f67791f02b87ae
[INFO] [stderr]                                  at /rustc/e6e4f7ed1589e03bc2f6c5931c1a72e7947e8682/library/std/src/sys_common/backtrace.rs:34:9
[INFO] [stderr]      9:     0x55d28d91c2c7 - std::panicking::default_hook::{{closure}}::h7c8ccb2c703d1528
[INFO] [stderr]     10:     0x55d28d91c0b4 - std::panicking::default_hook::h770c31d58b53801e
[INFO] [stderr]                                  at /rustc/e6e4f7ed1589e03bc2f6c5931c1a72e7947e8682/library/std/src/panicking.rs:288:9
[INFO] [stderr]     11:     0x55d28d91c77c - std::panicking::rust_panic_with_hook::hb50e58c42f5187f2
[INFO] [stderr]                                  at /rustc/e6e4f7ed1589e03bc2f6c5931c1a72e7947e8682/library/std/src/panicking.rs:705:13
[INFO] [stderr]     12:     0x55d28d91c631 - std::panicking::begin_panic_handler::{{closure}}::h4d6093b91efbd52e
[INFO] [stderr]                                  at /rustc/e6e4f7ed1589e03bc2f6c5931c1a72e7947e8682/library/std/src/panicking.rs:595:13
[INFO] [stderr]     13:     0x55d28d91b3b6 - std::sys_common::backtrace::__rust_end_short_backtrace::h318963d1ef4510cb
[INFO] [stderr]                                  at /rustc/e6e4f7ed1589e03bc2f6c5931c1a72e7947e8682/library/std/src/sys_common/backtrace.rs:151:18
[INFO] [stderr]     14:     0x55d28d91c3c2 - rust_begin_unwind
[INFO] [stderr]                                  at /rustc/e6e4f7ed1589e03bc2f6c5931c1a72e7947e8682/library/std/src/panicking.rs:593:5
[INFO] [stderr]     15:     0x55d28d8d08d3 - core::panicking::panic_fmt::h6ce9f4b93775846b
[INFO] [stderr]                                  at /rustc/e6e4f7ed1589e03bc2f6c5931c1a72e7947e8682/library/core/src/panicking.rs:67:14
[INFO] [stderr]     16:     0x55d28d8d0963 - core::panicking::panic::h31dab3cee29223ad
[INFO] [stderr]                                  at /rustc/e6e4f7ed1589e03bc2f6c5931c1a72e7947e8682/library/core/src/panicking.rs:117:5
[INFO] [stderr]     17:     0x55d28d8e24a0 - build_script_build::download_file::h8cfb1ea28be65201
[INFO] [stderr]     18:     0x55d28d8e2c57 - build_script_build::download_static_lib_binaries::hb7461fb71cc4ec26
[INFO] [stderr]     19:     0x55d28d8de323 - build_script_build::main::h7ea56cb833a21e1d
[INFO] [stderr]     20:     0x55d28d8ece43 - core::ops::function::FnOnce::call_once::h4d9616c0cd1c51fd
[INFO] [stderr]     21:     0x55d28d8d9ae6 - std::sys_common::backtrace::__rust_begin_short_backtrace::h2e8e808de96a30a9
[INFO] [stderr]     22:     0x55d28d8d9bb9 - std::rt::lang_start::{{closure}}::h928a480e6a2e75f4
[INFO] [stderr]     23:     0x55d28d913f15 - core::ops::function::impls::<impl core::ops::function::FnOnce<A> for &F>::call_once::hb332f02ff9fc81e2
[INFO] [stderr]                                  at /rustc/e6e4f7ed1589e03bc2f6c5931c1a72e7947e8682/library/core/src/ops/function.rs:284:13
[INFO] [stderr]     24:     0x55d28d913f15 - std::panicking::try::do_call::hed879afea606d968
[INFO] [stderr]                                  at /rustc/e6e4f7ed1589e03bc2f6c5931c1a72e7947e8682/library/std/src/panicking.rs:500:40
[INFO] [stderr]     25:     0x55d28d913f15 - std::panicking::try::h395a878f3e4bd2f0
[INFO] [stderr]                                  at /rustc/e6e4f7ed1589e03bc2f6c5931c1a72e7947e8682/library/std/src/panicking.rs:464:19
[INFO] [stderr]     26:     0x55d28d913f15 - std::panic::catch_unwind::hb44b6ea043448d57
[INFO] [stderr]                                  at /rustc/e6e4f7ed1589e03bc2f6c5931c1a72e7947e8682/library/std/src/panic.rs:142:14
[INFO] [stderr]     27:     0x55d28d913f15 - std::rt::lang_start_internal::{{closure}}::h6184ba9e5b3e5fbf
[INFO] [stderr]                                  at /rustc/e6e4f7ed1589e03bc2f6c5931c1a72e7947e8682/library/std/src/rt.rs:148:48
[INFO] [stderr]     28:     0x55d28d913f15 - std::panicking::try::do_call::h8b2c97d4d3608274
[INFO] [stderr]                                  at /rustc/e6e4f7ed1589e03bc2f6c5931c1a72e7947e8682/library/std/src/panicking.rs:500:40
[INFO] [stderr]     29:     0x55d28d913f15 - std::panicking::try::hfa4cc536e097f1fe
[INFO] [stderr]                                  at /rustc/e6e4f7ed1589e03bc2f6c5931c1a72e7947e8682/library/std/src/panicking.rs:464:19
[INFO] [stderr]     30:     0x55d28d913f15 - std::panic::catch_unwind::ha3e2192625bb4844
[INFO] [stderr]                                  at /rustc/e6e4f7ed1589e03bc2f6c5931c1a72e7947e8682/library/std/src/panic.rs:142:14
[INFO] [stderr]     31:     0x55d28d913f15 - std::rt::lang_start_internal::hbd6687884d030770
[INFO] [stderr]                                  at /rustc/e6e4f7ed1589e03bc2f6c5931c1a72e7947e8682/library/std/src/rt.rs:148:20
[INFO] [stderr]     32:     0x55d28d8d9b97 - std::rt::lang_start::hde3e7048512c1978
[INFO] [stderr]     33:     0x55d28d8e69b5 - main
[INFO] [stderr]     34:     0x7f2c37559d90 - <unknown>
[INFO] [stderr]     35:     0x7f2c37559e40 - __libc_start_main
[INFO] [stderr]     36:     0x55d28d8d1025 - _start
[INFO] [stderr]     37:                0x0 - <unknown>
[INFO] running `Command { std: "docker" "inspect" "81d3604168dc3bc0b8d9b10889297ab052f1e33a644cb3ceefdb10e2212e03e9", kill_on_drop: false }`
[INFO] running `Command { std: "docker" "rm" "-f" "81d3604168dc3bc0b8d9b10889297ab052f1e33a644cb3ceefdb10e2212e03e9", kill_on_drop: false }`
[INFO] [stdout] 81d3604168dc3bc0b8d9b10889297ab052f1e33a644cb3ceefdb10e2212e03e9
